 = 12*f**2 - f - 3. Give m(2).
43
Let l(j) = j**2 + 4*j + 35. Give l(-7).
56
Let u(x) = 33*x - 94. What is u(3)?
5
Let c(a) = -18*a**2 + 340*a + 42. What is c(19)?
4
Let f(v) = -v**2 + 13*v - 21. Give f(13).
-21
Let l(u) = -u**3 + 4*u**2 + 8*u - 6. Calculate l(4).
26
Let m(p) = -7*p + 437. Calculate m(62).
3
Let p(c) = 6*c + 136. Give p(-24).
-8
Let i(x) = 10*x - 358. Calculate i(36).
2
Let t(g) = -5*g - 24. What is t(-6)?
6
Let w(u) = u**3 + 52*u**2 + 53*u + 118. Determine w(-51).
16
Let x(l) = l**2 + 3*l - 4. What is x(0)?
-4
Let v(u) = -21*u + 142. Calculate v(8).
-26
Let a(p) = -40*p + 553. Give a(14).
-7
Let z(b) = 12*b + 3. What is z(-9)?
-105
Let a(u) = -4*u - 25. Give a(-6).
-1
Let u(g) = -g**3 + 11*g**2 + 6*g - 19. Determine u(11).
47
Let z(h) = h**3 - 53*h**2 - 110*h - 3. Determine z(55).
-3
Let f(m) = m - 16. Determine f(17).
1
Let o(t) = -t. Give o(0).
0
Let m(w) = w**3 + 9*w**2 - 8*w - 11. What is m(-9)?
61
Let u(a) = 24*a - 2. Determine u(2).
46
Let t(u) = -34*u**2 - 239*u - 7. Calculate t(-7).
0
Let u(g) = -g**3 + 17*g**2 - 41*g - 3. Give u(3).
0
Let b(r) = -32*r + 3. Calculate b(-1).
35
Let d(f) = -3*f + 8. Determine d(12).
-28
Let z(n) = n**3 - 7*n**2 + n - 3. Determine z(7).
4
Let r(a) = -a**3 + 5*a**2 - 2*a - 6. Calculate r(4).
2
Let h(t) = 2*t + 13. Calculate h(9).
31
Let o(t) = -13*t - 82. Give o(-7).
9
Let h(x) = 3*x - 17. What is h(7)?
4
Let o(p) = p**2 + 13*p - 1. Calculate o(-8).
-41
Let p(y) = -y**3 + 10*y**2 - 16*y. Give p(8).
0
Let m(z) = -z**3 - 10*z**2 - 19*z + 17. Calculate m(-7).
3
Let q(x) = -8*x - 45. What is q(-7)?
11
Let d(t) = 2*t**3 - 28*t**2 + 26*t - 1. Determine d(13).
-1
Let y(h) = 66*h**3 - 2*h - 1. Give y(-1).
-65
Let l(c) = -2*c**2 - 23*c + 44. What is l(-14)?
-26
Let l(s) = -2*s**2 - 24*s - 14. Determine l(-11).
8
Let w(y) = 7*y - 25. Calculate w(-8).
-81
Let n(k) = -3*k**2 - 6*k + 17. Give n(-6).
-55
Let j(m) = -7*m + 20. Calculate j(6).
-22
Let n(u) = u**3 - 11*u**2 + u - 20. Give n(11).
-9
Let y(t) = 7*t**3 - t**2 - t + 1. Give y(1).
6
Let d(n) = -n**2 - 8*n + 11. Give d(-11).
-22
Let c(o) = o**2 - 17*o - 163. Calculate c(-7).
5
Let s(c) = c**3 + 4*c**2 + 7*c + 11. Calculate s(-6).
-103
Let p(h) = 2*h**2 + 7*h + 7. What is p(-7)?
56
Let x(n) = -59*n + 645. What is x(11)?
-4
Let i(v) = -v**2 + 10*v + 16. Give i(-2).
-8
Let s(k) = 4*k**2 - 4*k + 3. Calculate s(4).
51
Let p(l) = 17*l + 1. Calculate p(-2).
-33
Let g(d) = -18*d + 1. Calculate g(1).
-17
Let b(u) = u**3 - 77. Give b(0).
-77
Let v(d) = -3*d + 1. Calculate v(5).
-14
Let l(m) = 16*m**2 + 47*m + 3. What is l(-3)?
6
Let b(j) = -j**2 - 19*j - 94. Calculate b(-10).
-4
Let s(p) = 2*p + 21. What is s(-14)?
-7
Let q(m) = -m**3 + 10*m**2 - 12*m + 8. What is q(9)?
-19
Let t(y) = 55*y. Determine t(-1).
-55
Let a(i) = -i**3 - 4*i**2 + 13*i + 4. Give a(-6).
-2
Let t(c) = c**3 - 8*c**2 + c - 16. Calculate t(8).
-8
Let z(c) = -2*c + 14. Determine z(9).
-4
Let q(m) = -m**3 - 9*m**2 - m - 13. What is q(-9)?
-4
Let d(c) = c**2 - 9*c - 4. What is d(8)?
-12
Let f(b) = b**2 - 21*b + 16. What is f(21)?
16
Let z(u) = -2*u - 15. What is z(-9)?
3
Let j(k) = k**3 + 10*k**2 - 25*k - 7. Calculate j(-12).
5
Let p(o) = -15*o + 1. What is p(-4)?
61
Let z(f) = -6*f**2 - 2*f - 3. What is z(2)?
-31
Let y(o) = -2*o**2 + 9*o - 4. Determine y(7).
-39
Let r(n) = n**3 + 4*n**2 + 9*n + 36. Determine r(-3).
18
Let r(x) = x**3 + 22*x**2 + x + 28. Determine r(-22).
6
Let s(c) = 3*c - 34. Calculate s(13).
5
Let n(b) = -2*b**2 + 3*b - 2. Determine n(2).
-4
Let h(c) = -c**2 - 6*c - 6. Give h(-6).
-6
Let r(m) = -m**2 - 15*m - 18. Determine r(-14).
-4
Let v(w) = -9*w + 67. Determine v(8).
-5
Let j(m) = m**3 + 10*m**2 + 22*m + 5. Determine j(-7).
-2
Let y(m) = -4*m**3 + 3*m**2 - 4*m + 2. Calculate y(2).
-26
Let k(h) = 3*h**3 + 24*h**2 + 38*h + 19. What is k(-6)?
7
Let y(m) = -m**2 + 9*m + 15. Calculate y(11).
-7
Let i(a) = a**2 - 9*a + 11. Give i(6).
-7
Let t(j) = -53*j - 14. Calculate t(2).
-120
Let j(o) = -o**3 + 2*o**2 - o - 5. Calculate j(0).
-5
Let g(d) = 3*d**3 - 3*d**2 + 6*d - 3. What is g(1)?
3
Let o(q) = q**2 + 5*q - 5. What is o(-5)?
-5
Let j(k) = k - 16. Give j(32).
16
Let p(v) = 2*v**2 - 7*v + 15. Determine p(3).
12
Let p(w) = -w**2 - 5*w - 13. Give p(-4).
-9
Let t(v) = -21*v + 2. What is t(2)?
-40
Let u(c) = c**3 + 7*c**2 + 3*c - 5. Calculate u(-6).
13
Let g(q) = 23*q - 166. Give g(7).
-5
Let a(o) = 3*o**2 - 26*o + 6. What is a(9)?
15
Let t(n) = -n**2 + 10*n + 1. Calculate t(10).
1
Let d(v) = v**3 + 14*v**2 + 14*v - 29. Calculate d(-12).
91
Let g(u) = -u**3 + 9*u**2 - 3*u - 8. What is g(9)?
-35
Let i(z) = -z**2 - 2*z. Determine i(5).
-35
Let z(s) = s**3 + 2*s**2 - 2*s + 2. Calculate z(2).
14
Let g(v) = v**3 - 9*v**2 + 10*v - 10. Determine g(8).
6
Let b(i) = -2*i**2 + 19*i - 1. Give b(10).
-11
Let v(d) = -3*d**2 + 18*d - 16. Give v(5).
-1
Let f(r) = -20*r + 22. Calculate f(1).
2
Let g(u) = u**3 + 15*u**2 - 13*u + 68. What is g(-16)?
20
Let t(r) = 62*r + 374. Give t(-6).
2
Let g(y) = y + 10. Calculate g(-15).
-5
Let m(w) = 4*w + 6. What is m(0)?
6
Let v(w) = -2*w**3 - 6*w**2 + 38*w + 158. Give v(-4).
38
Let a(o) = o**3 + 14*o**2 + 9*o + 104. Calculate a(-14).
-22
Let i(z) = -z**3 + 8*z**2 + 10*z + 30. What is i(9)?
39
Let s(x) = x**2 - 18*x + 10. What is s(16)?
-22
Let d(m) = m**3 - 7*m**2 + 6*m + 2. Calculate d(6).
2
Let f(h) = h**3 - 3*h**2 + 3*h - 5. What is f(2)?
-3
Let o(c) = -3*c - 12. Give o(-11).
21
Let o(x) = -9*x - 3. Determine o(-5).
42
Let n(q) = 4*q - 13. Give n(4).
3
Let l(k) = -7*k**2 - 24*k + 5. Give l(-4).
-11
Let w(a) = -a**2 + 2*a. What is w(4)?
-8
Let y(w) = -7*w + 10. Give y(-5).
45
Let l(o) = o**2 - 3*o - 5. What is l(-2)?
5
Let z(d) = -2*d**3 - 10*d**2 - 3*d - 12. Give z(-5).
3
Let w(f) = 6*f**3 + 13*f**2 + 2*f + 3. Give w(-2).
3
Let a(y) = -13*y**2 + 3*y + 4. What is a(-2)?
-54
Let n(c) = -2*c - 1. Determine n(1).
-3
Let k(g) = 25*g - 8. Determine k(1).
17
Let x(r) = -r**2 - 2*r. Give x(-2).
0
Let q(b) = 2*b**2 - 9*b - 14. Determine q(6).
4
Let i(v) = 3*v**2 + 72*v + 64. Determine i(-23).
-5
Let p(d) = -3*d + 4. What is p(10)?
-26
Let h(y) = -y**3 + 7*y**2 - y - 22. Determine h(9).
-193
Let v(y) = 10*y + 14. Give v(-4).
-26
Let x(n) = -n**3 - 8*n**2 - 6*n + 7. Calculate x(-6).
-29
Let j(f) = -f**3 + 19*f**2 + 23*f - 49. Give j(20).
11
Let d(i) = i + 5. Calculate d(-4).
1
Let h(g) = 7*g**2 + 2*g - 3. What is h(-4)?
101
Let u(z) = 7*z + 77. Give u(-11).
0
Let o(z) = 2*z**2 + 3*z. What is o(-6)?
54
Let g(i) = 2*i**3 + 4*i**2 - 4*i - 3. What is g(-4)?
-51
Let f(n) = -n**2 + n - 2. What is f(2)?
-4
Let o(j) = -30*j - 24. What is o(1)?
-54
Let d(m) = -m**3 - 28*m**2 - 115*m - 5. Calculate d(-23).
-5
Let q(c) = c**3 - 7*c**2 + 2*c + 11. Give q(6).
-13
Let k(u) = -8*u + 9. What is k(10)?
-71
Let r(u) = -5*u**3 + 10*u**2 - 5*u + 6. Calculate r(2).
-4
Let g(a) = -37*a - 451. Give g(-12).
-7
Let x(h) = 11*h - 2. What is x(-2)?
-24
Let b(d) = -d**2 - 8*d + 2. Determine b(-9).
-7
Let r(t) = -3*t**2 + 17*t + 92. Determine r(-4).
-24
Let x(m) = m**3 + 9*m - 40. What is x(3)?
14
Let m(l) = 5*l**2 - 62*l - 25. Give m(13).
14
Let k(y) = -y**2 + 8*y + 3. Calculate k(10).
-17
Let s(q) = -4*q - 17. Calculate s(-6).
7
Let k(b) = -b**3 + 12*b**2 - 2*b - 8. Calculate k(12).
-32
Let v(w) = -w**3 - w**2 + 4. What is v(2)?
-8
Let f(t) = -t**2 + t. What is f(-4)?
-20
Let t(a) = -a - 39. Determine t(-11).
-28
Let a(y) = -y**2 - 5*y + 1. Determine a(-5).
1
Let b(m) = m**2 + 3*m - 159. Calculate b(11).
-5
Let j(s) = -2*s + 29. Give j(8).
13
Let u(s) = -15*s + 3. Determine u(-1).
18
Let w(z) = -z**2 + 4*z + 2. Calculate w(-3).
-19
Let t(o) = -o**3 + 11*o**2 + 3*o - 35. Determine t(11).
-2
Let s(i) = i**2 + 10*i - 7. Give s(-10).
-7
Let y(v) = v**2 - 2*v + 13. Give y(6).
37
Let m(i) = i**3 - 6*i**2 - 11*i - 7. Determine m(8).
33
Let g(k) = k**2 - 12*k + 10. What is g(10)?
-10
Let l(n) = -2*n**2 + n + 16. What is l(-4)?
-20
Let h(t) = 22*t + 1. Determine h(-1).
-21
Let w(x) = -4*x**3 - 2*x**2 - 5*x + 3. Determine w(1).
-8
Let r(o) = -37*o + 1. Calculate r(-1).
38
Let p(z) = z**2 - 16*z - 5. Give p(16).
-5
Let f(h) = 3*h - 16. Determine f(13).
23
Let a(b) = -3*b + 38. What is a(12)?
2
Let w(c) = 11*c + 21. What is w(-10)?
-89
Let x(f) = f + 16. Give x(-25).
-9
Let m(t) = -t**3 - 28